en 165 is divided by 42.
39
What is the remainder when 76 is divided by 30?
16
Calculate the remainder when 261 is divided by 123.
15
Calculate the remainder when 268 is divided by 120.
28
Calculate the remainder when 850 is divided by 61.
57
Calculate the remainder when 539 is divided by 18.
17
What is the remainder when 356 is divided by 95?
71
Calculate the remainder when 304 is divided by 14.
10
What is the remainder when 172 is divided by 50?
22
What is the remainder when 25 is divided by 19?
6
What is the remainder when 2494 is divided by 411?
28
Calculate the remainder when 753 is divided by 14.
11
What is the remainder when 190 is divided by 102?
88
What is the remainder when 29 is divided by 9?
2
What is the remainder when 303 is divided by 82?
57
Calculate the remainder when 198 is divided by 34.
28
What is the remainder when 99 is divided by 29?
12
Calculate the remainder when 474 is divided by 119.
117
What is the remainder when 1780 is divided by 33?
31
What is the remainder when 219 is divided by 57?
48
Calculate the remainder when 176 is divided by 15.
11
Calculate the remainder when 1772 is divided by 24.
20
What is the remainder when 830 is divided by 64?
62
Calculate the remainder when 1221 is divided by 36.
33
Calculate the remainder when 2207 is divided by 2158.
49
What is the remainder when 3125 is divided by 108?
101
What is the remainder when 1004 is divided by 138?
38
What is the remainder when 485 is divided by 31?
20
What is the remainder when 105 is divided by 20?
5
Calculate the remainder when 3438 is divided by 1143.
9
What is the remainder when 866 is divided by 50?
16
Calculate the remainder when 20384 is divided by 37.
34
Calculate the remainder when 41 is divided by 18.
5
Calculate the remainder when 1938 is divided by 35.
13
What is the remainder when 140 is divided by 8?
4
Calculate the remainder when 271 is divided by 21.
19
What is the remainder when 2920 is divided by 15?
10
Calculate the remainder when 100 is divided by 2.
0
Calculate the remainder when 487 is divided by 2.
1
What is the remainder when 1069 is divided by 51?
49
Calculate the remainder when 249 is divided by 50.
49
Calculate the remainder when 516 is divided by 51.
6
Calculate the remainder when 52 is divided by 19.
14
What is the remainder when 977 is divided by 89?
87
What is the remainder when 794 is divided by 165?
134
What is the remainder when 625 is divided by 163?
136
What is the remainder when 14 is divided by 3?
2
What is the remainder when 303 is divided by 19?
18
What is the remainder when 85 is divided by 40?
5
What is the remainder when 74 is divided by 30?
14
Calculate the remainder when 16054 is divided by 247.
246
What is the remainder when 509 is divided by 32?
29
Calculate the remainder when 138 is divided by 4.
2
Calculate the remainder when 94 is divided by 33.
28
What is the remainder when 62 is divided by 18?
8
Calculate the remainder when 393 is divided by 193.
7
What is the remainder when 43 is divided by 20?
3
Calculate the remainder when 193 is divided by 46.
9
What is the remainder when 149 is divided by 30?
29
What is the remainder when 9178 is divided by 34?
32
Calculate the remainder when 179 is divided by 78.
23
Calculate the remainder when 98 is divided by 33.
32
Calculate the remainder when 30 is divided by 13.
4
What is the remainder when 812 is divided by 511?
301
What is the remainder when 8890 is divided by 76?
74
What is the remainder when 3493 is divided by 23?
20
What is the remainder when 2823 is divided by 123?
117
What is the remainder when 298 is divided by 101?
96
Calculate the remainder when 126 is divided by 44.
38
Calculate the remainder when 1085 is divided by 5.
0
Calculate the remainder when 23 is divided by 4.
3
What is the remainder when 1402 is divided by 52?
50
Calculate the remainder when 50 is divided by 47.
3
Calculate the remainder when 218 is divided by 22.
20
Calculate the remainder when 1342 is divided by 12.
10
Calculate the remainder when 8209 is divided by 21.
19
What is the remainder when 113 is divided by 29?
26
What is the remainder when 4369 is divided by 175?
169
What is the remainder when 53 is divided by 19?
15
What is the remainder when 286 is divided by 145?
141
What is the remainder when 404 is divided by 115?
59
What is the remainder when 5756 is divided by 160?
156
What is the remainder when 1528 is divided by 111?
85
What is the remainder when 26178 is divided by 9?
6
Calculate the remainder when 440 is divided by 76.
60
Calculate the remainder when 659 is divided by 68.
47
What is the remainder when 165 is divided by 12?
9
Calculate the remainder when 746 is divided by 263.
220
Calculate the remainder when 235 is divided by 58.
3
What is the remainder when 101 is divided by 54?
47
Calculate the remainder when 173 is divided by 15.
8
What is the remainder when 962 is divided by 21?
17
Calculate the remainder when 689 is divided by 675.
14
Calculate the remainder when 128 is divided by 19.
14
Calculate the remainder when 217 is divided by 163.
54
Calculate the remainder when 170 is divided by 4.
2
Calculate the remainder when 1750 is divided by 400.
150
What is the remainder when 23 is divided by 12?
11
What is the remainder when 165 is divided by 151?
14
What is the remainder when 3323 is divided by 90?
83
Calculate the remainder when 319 is divided by 154.
11
Calculate the remainder when 142 is divided by 128.
14
Calculate the remainder when 486 is divided by 204.
78
What is the remainder when 49405 is divided by 193?
190
Calculate the remainder when 519 is divided by 8.
7
What is the remainder when 2630 is divided by 1315?
0
What is the remainder when 392 is divided by 28?
0
Calculate the remainder when 83 is divided by 9.
2
Calculate the remainder when 10690 is divided by 18.
16
Calculate the remainder when 228 is divided by 3.
0
What is the remainder when 960 is divided by 321?
318
Calculate the remainder when 269 is divided by 86.
11
What is the remainder when 307 is divided by 305?
2
Calculate the remainder when 8059 is divided by 65.
64
Calculate the remainder when 578 is divided by 105.
53
Calculate the remainder when 545 is divided by 207.
131
Calculate the remainder when 53 is divided by 47.
6
Calculate the remainder when 391 is divided by 7.
6
Calculate the remainder when 267 is divided by 144.
123
Calculate the remainder when 13258 is divided by 39.
37
What is the remainder when 101 is divided by 15?
11
What is the remainder when 161 is divided by 2?
1
Calculate the remainder when 173 is divided by 22.
19
What is the remainder when 1514 is divided by 5?
4
What is the remainder when 604 is divided by 198?
10
What is the remainder when 123 is divided by 22?
13
What is the remainder when 3975 is divided by 153?
150
What is the remainder when 87 is divided by 22?
21
What is the remainder when 190 is divided by 49?
43
What is the remainder when 16 is divided by 2?
0
What is the remainder when 6662 is divided by 66?
62
What is the remainder when 1753 is divided by 39?
37
What is the remainder when 7421 is divided by 13?
11
What is the remainder when 41 is divided by 15?
11
Calculate the remainder when 2252 is divided by 11.
8
What is the remainder when 7642 is divided by 13?
11
Calculate the remainder when 1345 is divided by 269.
0
What is the remainder when 7 is divided by 6?
1
What is the remainder when 1622 is divided by 38?
26
What is the remainder when 812 is divided by 100?
12
What is the remainder when 73766 is divided by 71?
68
What is the remainder when 199 is divided by 54?
37
Calculate the remainder when 213 is divided by 9.
6
Calculate the remainder when 304 is divided by 150.
4
What is the remainder when 72 is divided by 37?
35
What is the remainder when 365 is divided by 179?
7
Calculate the remainder when 2188 is divided by 121.
10
What is the remainder when 430 is divided by 146?
138
What is the remainder when 2168 is divided by 41?
36
What is the remainder when 103 is divided by 28?
19
Calculate the remainder when 1838 is divided by 115.
113
What is the remainder when 317 is divided by 18?
11
What is the remainder when 321 is divided by 19?
17
Calculate the remainder when 532 is divided by 41.
40
Calculate the remainder when 148 is di